= 631 + -631. Suppose -f - 35 = -3*f - 5*l, -2*f - 2*l + 26 = q. Let k be (-165)/(-2)*(-4)/(-3). Calculate the greatest common factor of f and k.
10
Let y(l) = 11*l + 173. Let h(n) = -16*n - 259. Let i(s) = -5*h(s) - 8*y(s). Let k be i(-12). What is the greatest common divisor of k and 2?
1
Let n(h) = 6*h - 8. Let o be (-8)/(-20) + 12/(-5). Let j = 16 + o. Let m be n(j). Calculate the highest common factor of 114 and m.
38
Suppose y + 29 = 5*a - 16, 12 = -a - 4*y. Calculate the highest common factor of 744 and a.
8
Let w be 6/(2 - 4) + -7 + 16. Suppose -w*c + 324 = 3*c. Calculate the greatest common divisor of 9 and c.
9
Suppose 0 = -7*q + 3*q. Suppose -190 = -2*g - q*g. Suppose 0 = 3*x - 3, 0 = 2*r - 3*x + 8*x - 43. Calculate the highest common factor of r and g.
19
Suppose -5*t - x + 293 = -2*t, -491 = -5*t + x. Let w be (22351/49 - -7) + 1/(-7). Let u = w - 449. What is the greatest common divisor of t and u?
14
Let f be (37 - -492) + (-8)/(7 - 3). Calculate the highest common divisor of 170 and f.
17
Let y(x) = 33*x + 414. Let k be y(-12). Let z = 44 - -262. Calculate the greatest common divisor of z and k.
18
Suppose 2*p = -2*a - p + 7, a = 2*p + 21. Let m be (-14)/(-21) - 17/(-51) - 32*-1. Calculate the highest common divisor of a and m.
11
Let x(k) = -k**2 + 11*k - 15. Let p be x(5). Suppose -y - 57 + 2828 = 5*m, 0 = 5*m + 3*y - 2763. Calculate the highest common factor of p and m.
15
Let x = 218 - 111. Let t be 4*x - (-24 - -29). Calculate the highest common divisor of 94 and t.
47
Let f be 3 + (-88)/(-14) + 8/(-28). Let w(c) = -17*c + f + 3*c + 2*c**2 - 3*c**2. Let v be w(-13). Calculate the highest common factor of 55 and v.
11
Let m be (-229496)/(-9) + 159/159 + 5/(-9). Calculate the greatest common divisor of m and 102.
102
Let z(i) = i**3 + 18*i**2 - 7*i - 123. Let y be z(-18). Suppose -y*c = -11*c + 672. What is the highest common divisor of c and 140?
28
Suppose 5*k - 13 = -c + 52, -2*k - 2*c + 34 = 0. Let w(n) = -n + 1. Let q be w(1). Suppose q = -t + 5*t - k. Calculate the highest common factor of t and 24.
3
Let m be 2/3 - 21*(-2)/18. Let z(p) = 54 + 44 - 169 + 49 - m*p. Let b be z(-12). What is the greatest common factor of 70 and b?
14
Let u be (76/(-20) - -2)*5. Let k be 132/u*(-13 + 1). Suppose 7*g = 5*g + k. Calculate the greatest common divisor of 8 and g.
8
Let x = -52 - -44. Let r be x/(-10) + (-636)/(-30) - 2. Suppose -14*g = -12*g - r. What is the greatest common factor of 5 and g?
5
Let k = 280 + -275. Suppose a - 146 = k*p, 40*a = 41*a + p - 158. What is the highest common factor of a and 12?
12
Suppose -16 = -4*p - 4*s, -8 = -2*p - 6*s + 10*s. Let d be (-3)/(9/10)*-48. Suppose -p*o - d = -5*o. What is the highest common factor of o and 16?
16
Let b(k) = -13*k**2 - 4*k - 1. Let p(n) = -16*n**2 - 3*n. Let a(c) = -5*b(c) + 4*p(c). Let l be a(-10). Calculate the highest common divisor of l and 400.
25
Suppose -473*b + 480 = -468*b. What is the highest common divisor of b and 312?
24
Suppose -p + 57 = 7. Suppose 7*v - 4 = -3*n + 5*v, -2*v = 2. Let m(u) = 4*u + 12. Let d be m(n). Calculate the highest common factor of d and p.
10
Let m(s) = s + 195. Suppose -4*u + 9 = 3*v, -10*u + 3*v = -8*u + 9. Let c be m(u). Calculate the highest common divisor of c and 5.
5
Suppose -t = 2*s + s + 5, -2*s - 5*t = 25. Let z = 2 + s. Let c(a) = -61*a - 1145. Let o be c(-19). What is the greatest common divisor of z and o?
2
Let k = 6485 - -49. What is the highest common factor of k and 54?
54
Let f(z) = -17*z**2 - 240*z - 29. Let s be f(-14). Let l be (-12 - 2)*(-1)/2. Let i be s*(5 - 6)*l. Calculate the highest common factor of 77 and i.
7
Let b(y) = -8 + 10*y**2 + 11 - y**3 - 7*y - 5*y - 17. Let u be b(6). What is the greatest common factor of u and 87?
29
Let g(d) = 291*d**2 + 7*d - 21. Let c be g(2). What is the highest common factor of c and 26?
13
Let v = 975 + -295. Let t be 2 + (-2 + -16)/6. Let r be v/25 + ((-18)/15 - t). What is the greatest common factor of 3 and r?
3
Suppose -241*o = -239*o - 6, 5*o - 210 = -3*p. What is the highest common factor of p and 20?
5
Let z be 654/(-36)*3*-2. Let k = -69 + z. Suppose 2*f - k = 2*b - 7*b, -f + b = -20. What is the highest common factor of f and 180?
20
Suppose 4*w - 233 = 139. Suppose -2*f + w = -35. Let v be (-14)/(-1) - 1*-2. What is the highest common divisor of v and f?
16
Suppose 0 = 47*i - 32*i - 900. Let m be -399*(-1)/10 + 6/i. What is the highest common divisor of 160 and m?
40
Let b be (0 - -4) + (-10)/5. Suppose -4*o = 3*w + 76989, -3*o - b*w - 20732 - 37010 = 0. Let g be 1/4 - o/64. What is the highest common divisor of g and 43?
43
Let g(y) = 3*y**2 + 22*y - 152. Let r be g(-14). Calculate the highest common divisor of r and 2944.
128
Suppose -22 = -3*r + 26. Let b(x) = -106*x + 77. Let l be b(-6). Suppose 2103 = 22*h - l. Calculate the greatest common divisor of r and h.
16
Let a = -1570 + 3164. Calculate the highest common factor of a and 4.
2
Suppose -25*s + 15721 + 7956 - 5877 = 0. Calculate the highest common factor of 1869 and s.
89
Let p = 2 + 1. Suppose -2*n = -p*h, -4*n + 1 = 3*h - 17. Suppose 85*x - 481 = 1304. What is the highest common factor of x and n?
3
Suppose 3*d - 1 = 8. Let x be (-18)/(-21)*(14490/(-60))/(-69). What is the greatest common divisor of d and x?
3
Suppose 5*y = y + 3*j + 407, -3*y + 297 = -5*j. What is the highest common divisor of 533 and y?
13
Suppose -5*h + 3*s + 10941 = 0, 8708 = -12*h + 16*h + 4*s. Calculate the highest common divisor of h and 18.
6
Let t(w) = 94*w**2 - 13*w - 12 + 90*w**2 - 41*w**2. Let v be t(-1). What is the highest common divisor of v and 6?
6
Let j(m) = 9*m - 244. Let w be j(33). Suppose g - 57 - 156 = 0. Let i = g - w. What is the highest common factor of i and 20?
20
Let d = -681 - -14. Let y = -1163 - d. Let n = y - -846. What is the highest common factor of n and 14?
14
Let o(j) = 9*j**2 - 22*j - 187. Let m be (234/(-27) - -9)*-27. Let t be o(m). What is the greatest common factor of 20 and t?
20
Suppose 7*v - 4*i - 28 = 5*v, 0 = -i + 1. Calculate the highest common factor of v and 1744.
16
Let g be 234/26 + 2 + 7. What is the greatest common divisor of g and 1662?
6
Let r = -23 + 27. Suppose -2*x = r*x - 48. Let o = -100 + 188. Calculate the greatest common divisor of x and o.
8
Let v = -1430 - -1450. Calculate the greatest common divisor of v and 68.
4
Suppose 4*l - 2*f = 646, 28*l + 166 = 29*l - 2*f. What is the highest common divisor of l and 224?
32
Suppose 2*k + 661 = -3*t + 735, -t - 5*k = -55. What is the greatest common factor of 52180 and t?
20
Suppose 1032 = 11*x + x. Suppose -35*y + 1822 + 5703 = 0. What is the greatest common factor of y and x?
43
Let n be (-3 - 18/24 - -3)*-40. Let a be (-15)/10*(-1040)/n. Calculate the highest common divisor of 12 and a.
4
Let i = 168 + -93. Let w be 5/(-3) - (-4850)/i. Calculate the greatest common factor of 105 and w.
21
Let c(f) = f**3 + 13*f**2 - 13*f + 49. Let d be c(-12). Let u = d + -269. What is the greatest common factor of 150 and u?
10
Let z be 56/16*-4 - -34. What is the greatest common divisor of 530 and z?
10
Let j = -1010 - -1277. What is the greatest common factor of 979 and j?
89
Suppose -3*n + 77 = -4*f + 2, 4*n - 3*f = 100. Let w = -53 + n. Let v = 39 + w. Calculate the greatest common factor of 88 and v.
11
Suppose -97 - 19 = -52*q - 12. Calculate the highest common factor of 1418 and q.
2
Let g be -6 - 60/((-30)/5). Suppose -29 = 5*z - 8*z - 2*d, 0 = -g*z - 4*d + 40. What is the greatest common divisor of 423 and z?
9
Suppose -22037 + 35147 = 3*w - 28575. Calculate the highest common factor of w and 35.
35
Let g be 1 - (-10 + 8) - 1. Suppose 12 = -g*h + 56. What is the greatest common factor of h and 341?
11
Suppose -4*z + 992 = 2*w - 5*z, 0 = 3*w + 5*z - 1475. Suppose 31*q = 219 + 1176. Calculate the highest common factor of q and w.
45
Let h = 1299 + 676. Calculate the greatest common factor of h and 75.
25
Let w = -27 - -39. Let r = -131 - -163. Suppose 0 = r*q - 443 - 325. What is the greatest common factor of q and w?
12
Let a = -7409 - -7507. What is the greatest common divisor of 518 and a?
14
Let b = -16091 + 16125. Calculate the greatest common factor of b and 1513.
17
Let t(i) = -3*i**2 - 27*i + 2. Let b be t(-9). Suppose 